hat is w(q)?
6
Suppose 4*t + 1 = 3*x + 25, x = 6*t - 22. Let w(c) = 3*c**3 - 2*c**2 + 6*c - 3. Calculate w(t).
78
Let k(l) = -16*l - 1087. Let q(o) = -53*o - 3261. Let g(r) = -8*k(r) + 3*q(r). Let s be g(-35). Let u(n) = -n**3 + n**2 + 1 - n**2 + 2*n. Determine u(s).
5
Let f(q) = q**3 - 7*q**2 - 5*q - 4. Let a be 41 + -3 + (-1 - 6). Suppose 5*y + 4 = 3*p, 30*p - 4*y + 24 = a*p. Give f(p).
20
Let u(n) = n + 24. Suppose 0 = 21*p - 23*p - 3*m + 15, 23 = 4*p - m. Give u(p).
30
Let r(a) be the second derivative of 0 + 1/20*a**5 + 46*a - 1/12*a**4 - 1/3*a**3 - 1/2*a**2. Suppose 5*v + 0*w = 3*w + 1, -5*v - 5*w + 25 = 0. Determine r(v).
-1
Let f(o) = 367*o**2 - 4 - 3*o - 120*o**2 - 120*o**2 + 2*o - 121*o**2. Give f(2).
18
Let d(g) = -g**3 - 17*g**2 - 15*g + 23. Let v = -5772 + 5756. Give d(v).
7
Let j = 76 + -73. Let v(u) = -17*u**j - 9*u**3 - 17*u**3 + u - u**2 + 42*u**3. Suppose 4*p = 8*p. Give v(p).
0
Suppose -n + 4*v - 59 = 4*n, 0 = 2*v + 8. Let m be -4 + n/(-5) + 1. Let t(w) = -w**3 - w**2 + w + 11. Determine t(m).
11
Let i = 11111 + -11117. Let t(l) = 79*l + 471. Give t(i).
-3
Let h(v) = v + 14. Let t(g) = 2*g**3 + 16*g**2 + 18*g + 15. Let d be t(-7). Give h(d).
1
Let h = 131 + -134. Let q(r) = 0 + 3 - 4. Let j(d) = 2*d + 4. Let n(z) = j(z) + 6*q(z). Determine n(h).
-8
Let c(v) = -6*v**2 + 2 - 5 - 4499*v**3 - 4*v + 4498*v**3. Give c(-8).
157
Let i(v) = -5*v**2 - 29*v - 5. Let f be (-6)/(-16) - (-714)/(-112). Let o be i(f). Let w(j) = j**3 + 12*j**2 + 11*j - 4. Calculate w(o).
-4
Suppose -3*f - n + 40 = -3*n, 25 = -5*n. Suppose i = -4*i + f. Let c(b) be the first derivative of -2*b**3/3 + 3*b**2/2 - 3*b + 272400. Determine c(i).
-5
Let y(w) = 3*w**2 - 52*w + 346. Let j(b) = 2*b**2 - 34*b + 221. Let d(s) = -8*j(s) + 5*y(s). Determine d(11).
-27
Suppose -3*w - 31 = 2*l, -273*l - 74 = -w - 266*l. Suppose -4*f + 12 = -0*f. Let z(o) = -f - 2*o + 0 + o. Calculate z(w).
0
Let j(w) = -14*w**2 + 211*w - 19. Let i be j(15). Let a(p) = p**2 + 5*p - 11. What is a(i)?
-15
Let y(f) = 2*f**3 - 66*f**2 - 2*f + 60. Let n = 2980 + -2947. Give y(n).
-6
Suppose 8*u - 129 - 583 = 0. Let f(n) = n**2 + 41 - u - 8*n + 42. Let g = 0 - -6. Give f(g).
-18
Let n(u) = 3*u**3 - 21*u**2 + 4*u + 43. Let m(l) = l**3 - l + 12. Let y(k) = -5*m(k) + n(k). Calculate y(-11).
5
Let j(c) = -4*c + 2. Let r(q) = -20*q + 205. Let m(d) = -10*j(d) + r(d). Give m(-10).
-15
Suppose 4*j + 0 + 8 = 0. Suppose -9*t = -0*t - 657. Let v(n) = 4*n - 146 + 74 + t. Determine v(j).
-7
Let a(b) be the third derivative of b**6/60 + 11*b**5/60 + 25*b**4/24 + 5*b**3/3 + 3*b**2 + 269*b + 2. Determine a(-4).
-42
Let k(d) = 8*d**3 - 2*d**2 + 52*d - 16. Let x(v) = 3*v**3 - v**2 + 18*v - 5. Let b(f) = -4*k(f) + 11*x(f). Give b(4).
-15
Let p(s) = 4*s - 3*s - 1 + 3 + 3*s. Let v(a) be the first derivative of 2*a**2 + 3*a - 101. Let i(g) = -6*p(g) + 5*v(g). Calculate i(4).
-13
Let z(a) be the second derivative of a**4/24 + 2*a**3/3 + 110*a**2 + 75*a + 1. Let g(x) be the first derivative of z(x). What is g(-3)?
1
Let n = 46 - 55. Let f(a) = -a**3 - 10*a**2 - 10*a - 7. Let r be f(n). Suppose 0 = r*y - 10. Let c(d) = d**3 - 4*d**2 - 4*d - 3. Give c(y).
2
Let t be 9*(-4 + (-39)/(-9)). Let a = 10 + 1. Let h(k) = a + 3*k - 4*k - 6 - 3. Give h(t).
-1
Let g(i) = -13*i**2 + i - 9 + 7 - 2*i + 2*i. Give g(1).
-14
Let c(v) be the second derivative of v**7/840 - v**6/180 - v**5/120 - v**3/6 + 71*v**2/2 + 109*v. Let t(z) be the second derivative of c(z). Give t(-1).
-2
Suppose -530 + 386 = -9*n. Let t(v) = -v**3 + 15*v**2 + 23*v - 10. Give t(n).
102
Let j(h) be the second derivative of h**6/120 - h**5/20 - h**4/12 + h**3 - 32*h**2 + 7*h + 5. Let b(s) be the first derivative of j(s). What is b(4)?
14
Let j = -19 - -11. Let h(u) = 13*u**3 - 16*u**2 - 211*u + 25. Let a(z) = -11*z**3 + 15*z**2 + 181*z - 23. Let v(w) = 7*a(w) + 6*h(w). Calculate v(j).
45
Let g(o) be the first derivative of 9*o**2/2 - 129*o + 16. Give g(13).
-12
Let x be 5 + (3 - 5) + 0 + 3. Let d(k) = -4*k + 6. Let z(u) = -u. Let g(q) = x*z(q) - d(q). Give g(-8).
10
Let a(n) = -2*n + 3. Let f be a(5). Suppose -g = -65 + 62. Let b(u) = u - 2 - g + 4 + 4. Give b(f).
-4
Let b(n) = -4*n + 1. Let m(z) = 3*z - 1. Let r(t) = 5*b(t) + 6*m(t). Suppose -18*h = -26*h + 16. Give r(h).
-5
Suppose -7*a - 4*a = -66. Suppose 5*y - a*y + 3 = 0. Suppose y*g - 5 = 4. Let r(v) = v**3 - 5*v**2 + 2*v - 2. Give r(g).
-14
Suppose -5*v = h - 3*h - 1, 5*h + 2*v = 41. Suppose 19 = -5*y + 4*g, 0 = 6*y - h*y - 3*g - 19. Let u(f) = -f**3 - 8*f**2 - 7*f - 10. Calculate u(y).
-10
Let t(w) = w**2 + 10*w + 7. Let q be t(-8). Let v(j) = -j - 172. Let m(s) = -3*s - 598. Let k(l) = -2*m(l) + 7*v(l). Determine k(q).
1
Let r(h) be the second derivative of -h**8/480 - h**7/2520 + 73*h**4/6 - 4*h + 43. Let s(m) be the third derivative of r(m). Calculate s(-1).
13
Let i(v) = -2*v - 16. Suppose -17*x + 5634 = x. Let k = -324 + x. Determine i(k).
6
Let w(k) be the first derivative of -4*k**3 - 2*k**2 + 6*k + 1316. Calculate w(2).
-50
Suppose 4*v + 18 = -3*d - 2*d, -2*d = v + 6. Let u be (0 + (-9)/6)*v. Suppose 9*r + 12 - u = 0. Let f(y) = 11*y**2 - y - 1. Determine f(r).
11
Let p(d) = 3*d - 701. Let r(g) = 110. Let x(s) = p(s) + 6*r(s). Determine x(7).
-20
Let m(u) be the third derivative of u**4/8 - 21*u**3/2 + 73*u**2 - 1. What is m(20)?
-3
Let z(j) be the third derivative of -3*j**4/8 - 4*j**3 + 1058*j**2. Calculate z(-11).
75
Let z = -63 + 59. Let c(p) = p**3 + 4*p**2 + 2*p + 12. Let y be c(z). Suppose 3*a = -4*r + 9*r, y*a + 20 = 0. Let o(w) = -w**3 + 4*w + 2. Give o(r).
17
Let x be (16 + -2)*2/4 + 6. Let n(b) = b + 9. Let z(l) = -2. Let c(v) = -n(v) + 4*z(v). What is c(x)?
-30
Let j(o) be the third derivative of -o**6/120 + 5*o**4/24 + 7*o**3/6 + 1480*o**2 + o - 12. Suppose -3*q = 9, 2*m + 4 - 1 = -3*q. Give j(m).
-5
Let s(t) = -t**2 - 8*t - 7. Let w(i) = -44*i - 3. Let m be w(-3). Let f = m - 126. Suppose 0 = -2*a - f*l - 2, -3*a - 3*l + l - 13 = 0. Determine s(a).
0
Let i(r) be the third derivative of -r**8/6720 - r**7/5040 + r**6/720 + 7*r**5/10 + 2*r**2 + 38. Let a(j) be the third derivative of i(j). What is a(1)?
-3
Suppose -96637*a = -96620*a - 799. Let d(q) = -q**3 + 49*q**2 - 93*q - 35. What is d(a)?
12
Suppose 7*v = 2*v + 4*k, -4*v + 4*v = -5*v - 5*k. Let z(r) be the second derivative of -r**5/20 - r**4/12 - r**3/6 + 3*r**2/2 - 2*r. What is z(v)?
3
Let n = 94 + -99. Let o(l) = l**2 - 6*l - 22. Let u(j) = j**2 - 6*j - 25. Let b(f) = n*u(f) + 6*o(f). Give b(6).
-7
Let a be (4 - 0)/((15/75)/((-9)/30)). Let f(d) = d**2 - 8*d - 90. Determine f(a).
-6
Suppose -74*c = -42*c + 224. Let p(t) = 59*t + 419. Determine p(c).
6
Let k(g) be the third derivative of -g**6/120 - g**5/5 - 5*g**4/12 - 3*g**3/2 + 2*g**2 + 100*g. What is k(-11)?
-20
Let p(o) = 54 - 30 - 8*o + 14 + 24. Calculate p(8).
-2
Suppose 4*v + 27 = x - 114, 0 = -3*v + 5*x - 93. Suppose -17*h - 648 + 87 = 0. Let p = h - v. Let d(i) = -i**3 + 4*i**2 - 3*i + 4. Calculate d(p).
4
Suppose 7*l - 15 = 3*l + y, -2*l + 9 = -y. Let j(t) = -t**3 - 4*t**2 + 6*t + 7. Let z be j(-5). Let q(c) = 18*c + 3*c**2 - z*c**2 - 19*c + 1 - l. What is q(-3)?
10
Let u = 95 - 79. Suppose 0 = -4*g - u, r + 4*g = 6*g + 14. Let k(i) = -i - 1. What is k(r)?
-7
Let v(z) = z**2 + 6*z - 17. Suppose 0 = 8*w - 9*w - 14. Let m be 3*(186/(-63) - 4/w). Let h be v(m). Let q(s) = -2*s + 1. Calculate q(h).
3
Let n(a) = -22*a**2 + 19*a + 133. Let k(w) = -59*w**2 + 51*w + 361. Let p(y) = 7*k(y) - 19*n(y). Give p(-1).
9
Let h(g) = -g**2 + 33*g + 730. Let i be h(-15). Let o(x) = -x**2 + 5*x + 4. What is o(i)?
-46
Let c(o) = -6*o - 44. Let y(i) = 33*i - 272. Let a be y(8). Calculate c(a).
4
Let b(q) = q**2 + 9*q + 6. Suppose 0 = 15*l - 9*l - 96. Suppose -10*t = -6*t + l, 0 = -j + 5*t + 16. Calculate b(j).
-14
Let r be (1 - 13)/((-44)/286). Let l = -65 + r. Let y(f) = -20 - l - f + 35. Give y(9).
-7
Suppose 40*d = -28 + 585 + 83. Let g(b) = -b**2 + 12*b + 92. What is g(d)?
28
Let z = 1 + -3. Let v(u) be the first derivative of -u**4/4 - 2*u**3/3 + 3*u**2/2 + 5*u - 38112. Determine v(z).
-1
Let j(q) be the third derivative of q**6/120 + q**5/15 - q**4/8 + 5*q**3/6 + 6*q**2. Suppose -19*f + 14912 - 14988 = 0. Determine j(f).
17
Let k(x) = 2619*x**2 + 84 + 2599*x**2 - 5217*x**2 - 18*x. Wha